atest common factor of 2 and o.
1
Let x(p) = -4 + 3*p - 7*p - 7*p - p. Let g be x(2). Let c be 1040/35 + (-8)/g. Calculate the greatest common divisor of 10 and c.
10
Let h(y) = y**2 - 10*y + 7. Let j be h(10). Let a = -22 + j. Let s be (-2 - 1)*1*a. Calculate the greatest common factor of 5 and s.
5
Let l be (583/22)/(1/6). Suppose -3*n + 0*n + l = 3*z, 5*z + 23 = n. Calculate the highest common divisor of n and 6.
6
Suppose 4*d - 9*d + 15 = 0. Suppose -5*u = -5*k - 40, -5*u = -d*u - 3*k - 15. What is the greatest common divisor of u and 45?
9
Let p be -85*(25/10 + -5)*2. Calculate the greatest common factor of p and 75.
25
Let s = 14 - 11. Suppose m = s*m - w - 10, -2*m - 4*w - 10 = 0. Calculate the highest common factor of 3 and m.
3
Let j = 249 - 231. What is the highest common divisor of 21 and j?
3
Suppose -8 = -11*d + 14. Let u be 332/6 + (-7)/((-21)/d). Calculate the highest common factor of 7 and u.
7
Let q = 53 - 47. Let v be ((-1)/(-2))/((-2)/(-216)). What is the highest common factor of v and q?
6
Suppose 0 = -4*c - j + 130, 5*c + 4*j = 2*c + 104. What is the greatest common divisor of c and 4?
4
Let f(l) = -l**2 + l + 41. Let n be f(0). Let b = n + -32. Calculate the greatest common factor of b and 15.
3
Suppose -128 = -y - 62. What is the greatest common factor of y and 363?
33
Let h be -1*(-1 - -12)*-1. Suppose 0 = 5*g - 3*u - 428, 0*g = 3*g + 5*u - 284. Calculate the greatest common divisor of h and g.
11
Let a(m) = -m**2 - 9*m + 6. Suppose -2*u = -5*u - 30. Let z be a(u). Let f = z - -28. Calculate the greatest common factor of f and 216.
24
Let b(k) = 61*k**2 - 27*k - 118. Let y be b(-4). Calculate the highest common factor of y and 23.
23
Let w be (172/(-10))/(2/(-10)). Suppose -5*b - 2*u + 209 = 0, -173 = -3*u - 182. What is the greatest common divisor of w and b?
43
Let d(l) = -l**2 - 17*l - 29. Let o be d(-14). Suppose o + 11 = 6*c. What is the greatest common factor of c and 20?
4
Let c = 137 + -74. Let d(a) = -a**2 - 11*a + 7. Let h be d(-11). Suppose 54 = -j + h*j. What is the highest common divisor of j and c?
9
Let t be 2/(-1 + (-7)/(-5)). Suppose -5*k + 75 = -0*c - t*c, -4*c = -12. Let z = 8 + -6. Calculate the highest common factor of k and z.
2
Suppose 5*n - 4*r - 3 = 17, 2*r = 0. Let o be n + 20*2/4. Suppose 48 - 6 = 6*l. Calculate the greatest common divisor of l and o.
7
Suppose -9*y = -10*y - h + 105, -3*y - 5*h = -305. What is the greatest common factor of y and 70?
10
Suppose -430*f + 425*f = -10710. What is the highest common divisor of f and 14?
14
Suppose 79*k - 56 = 71*k. What is the greatest common factor of k and 203?
7
Suppose y - f = 3*f - 4, -1 = -2*y - f. Let t be 12 + y/((-5)/1). Calculate the highest common factor of 12 and t.
12
Let i = 2246 - -106. Calculate the highest common factor of i and 98.
98
Let s be 29/(29/(-6)) + 310. Calculate the highest common factor of s and 57.
19
Let w(q) = -q + 6. Let s be w(8). Let g(f) = 1 - 3 + 3 + 0 - 3*f. Let v be g(s). Calculate the highest common divisor of v and 63.
7
Suppose 0 = -0*q + 45*q - 7695. What is the highest common divisor of 63 and q?
9
Let r be (93/9 - 1)*(-624)/(-91). What is the highest common divisor of 272 and r?
16
Let r(f) be the first derivative of 2*f**3/3 + 6*f**2 + 22*f + 43. Let y be r(-4). What is the greatest common factor of y and 6?
6
Let a(c) = -c**3 - 6*c**2 - 8*c + 6. Let n be a(-6). Let b = -1113 - -1119. What is the highest common divisor of b and n?
6
Suppose 0 = 5*f, -4*q + 43 = 4*f - 1. Suppose q*p - 8*p - 66 = 0. Let b be 3 + (-12)/(-3) + p. What is the highest common divisor of 29 and b?
29
Let x(s) = s**2 + 6*s - 9. Let j be x(-11). Suppose -l - 20 = -j. Calculate the greatest common factor of 2 and l.
2
Suppose -5*p = -4*o - 2316, o - 448 - 8 = -p. Calculate the greatest common divisor of 15 and p.
5
Suppose 0 = 2*t - 2*u - 1698, -5*t + 4263 = 5*u - 2. Calculate the highest common factor of t and 69.
23
Suppose 0 = 6*s - 78*s + 66456. Calculate the greatest common divisor of s and 13.
13
Let c(k) = 4*k - 34. Let z be c(9). Suppose -3*u - 4*d + 126 = -7*d, z*u - 3*d = 84. What is the greatest common factor of 336 and u?
42
Let x(w) = -54*w + 904. Let m be x(16). What is the greatest common factor of m and 300?
20
Suppose 0 = -4*z + 16, -4*z = 2*q - z - 1044. What is the greatest common factor of q and 12?
12
Let s(z) = 3*z**3 - 2*z**2 + 3*z - 2. Let l be s(1). Suppose -8 = -l*n, 5*t - 34 = 2*t + 5*n. Calculate the greatest common factor of t and 144.
18
Suppose n + 25 = 5*r + 4, 5*r - 29 = -n. Suppose r*y - 5*d - 163 = 872, 4*y + d = 813. Let c = 285 - y. Calculate the greatest common divisor of 9 and c.
9
Let r = 495 - 489. Calculate the greatest common factor of 438 and r.
6
Let p be (-1)/((4 - -2)/(-144)). Suppose -5*h = -5*y - 205, h = -4*y + 11 + 5. Calculate the highest common divisor of p and h.
12
Let q(t) = t - 28*t - 5 + 4 - 3. Let a be q(-10). Calculate the highest common divisor of a and 14.
14
Suppose x - 38 - 12 = -4*y, 117 = 3*x + y. Suppose -x = 2*s + 1138. Let q = -401 - s. What is the highest common factor of 17 and q?
17
Suppose -x + 192 = 3*v + 2*v, -v + 32 = -3*x. Let j be 12/7 - 3/(-42)*4. What is the greatest common divisor of j and v?
2
Let p(c) = c**2 - c - 2. Let x be p(7). Let t be (72/x)/((-9)/(-30)). Let h be (-2)/t*2*-6. Calculate the highest common divisor of 32 and h.
4
Let c be (-8)/(-24)*12 - -140. What is the highest common factor of c and 12?
12
Let r be (-258)/30 + 9 - (-988)/5. Calculate the highest common divisor of r and 36.
18
Let g(t) = 3*t + 35. Let v be g(-11). Let d = -4 + 36. Calculate the highest common factor of v and d.
2
Let w = 24 - 20. Suppose -4*n = 3*i + 10 + 6, 0 = -w*n + 4*i + 12. Let p be -4 - (-1 + n) - -6. What is the highest common factor of p and 44?
4
Suppose 2*l = n - 1, -2*n - 3*l = -3*n. Suppose 8*x = 5*p + 4*x - 68, 5*p + x = 58. Calculate the highest common factor of n and p.
3
Let i be -2 + 0*(-5)/(-25). Let a be (35/28)/(2/(-720)*i). Calculate the highest common factor of a and 45.
45
Let x be ((-4)/(-3))/(148/36963). What is the greatest common factor of x and 36?
9
Suppose 1610*p - 1618*p + 216 = 0. Calculate the highest common divisor of 9 and p.
9
Let c be 9/(-21) - (-240)/(-28). Let a be (c - -4)/((-15)/18). What is the greatest common factor of 78 and a?
6
Suppose 0 = 2*i - 5 + 1. Suppose -4*d = w - 337, w + i*w - d = 1024. Suppose -5*h - 25 = 0, -2*y - h = -2*h - w. What is the highest common divisor of 21 and y?
21
Let c(m) = 28*m - 140. Let h be c(16). Calculate the highest common factor of h and 14.
14
Let l be -3 - 2 - (-760)/8. Let o = -22 - -40. Calculate the greatest common divisor of l and o.
18
Let z = -69 - -121. Let y(f) = -f**3 - 4*f**2 + 6*f - 6. Let s be y(-7). Suppose 57 = 2*l - s. What is the greatest common divisor of l and z?
26
Suppose -436 = -33*r + 32*r - 3*m, m = -2*r + 882. Calculate the highest common factor of r and 13.
13
Let x(p) = p**3 + 13*p**2 - 53*p - 48. Let a be x(-16). Calculate the highest common factor of a and 256.
32
Suppose 3 = k + x, 0*x = -k + 3*x - 1. Let o = 18 + k. Calculate the highest common divisor of o and 160.
20
Let x(v) = 12*v - 28. Let r be x(5). Calculate the highest common divisor of r and 80.
16
Let m = 5 + -12. Suppose 0 = -4*a + 261 + 639. Let v be a/21 - 2/m. What is the highest common divisor of v and 22?
11
Let r = -275 + 314. Calculate the highest common divisor of r and 143.
13
Let f be ((-4)/(-5))/(6/60). Let l = f + 19. What is the greatest common divisor of 18 and l?
9
Suppose 34 = 10*k - 76. What is the highest common divisor of 176 and k?
11
Suppose -35*w = -18*w - 816. What is the highest common divisor of 90 and w?
6
Suppose u + 2*u = 243. Calculate the greatest common factor of 27 and u.
27
Let m(q) = -q**2 + 28*q - 93. Let t be m(11). Calculate the greatest common factor of 4 and t.
2
Suppose -117 + 2 = -5*c. Suppose -7516 = 12*h + 3248. Let l be 40/(-6)*h/52. Calculate the highest common factor of c and l.
23
Suppose 5*y - 5*j = 265, 0 = -5*y - j - 4*j + 215. Suppose -3*o = -h + 29, 2*o + 2*o = 5*h - 156. Calculate the greatest common divisor of y and h.
16
Suppose 5*q + 28 - 103 = 0. Suppose 0 = 4*s - 29 - q. Calculate the highest common factor of s and 11.
11
Let